{"id":12,"date":"2013-10-23T12:03:39","date_gmt":"2013-10-23T10:03:39","guid":{"rendered":"http:\/\/astridschmeda.de\/?page_id=12"},"modified":"2024-04-15T20:13:40","modified_gmt":"2024-04-15T18:13:40","slug":"biografischess","status":"publish","type":"page","link":"https:\/\/astridschmeda.de\/?page_id=12","title":{"rendered":"Biografie"},"content":{"rendered":"<p><strong>Astrid Schmeda<\/strong><\/p>\n<p>1950 geboren in Aurich\/ Ostfriesland<\/p>\n<p>1969 -1974 P\u00e4dagogik-Studium, Schwerpunkt Sozialp\u00e4dagogik und Soziologie, Abschluss Diplom<\/p>\n<p>1975 \u2013 1980 Psychologie-Studium, Schwerpunkt klinische Psychologie, Abschluss Diplom<br \/>\nLehrauftr\u00e4ge an der Universit\u00e4t; Jugendarbeit; Dozentin in der Jugend- und Erwachsenenbildung<\/p>\n<p>1977 \u20131990 Aufbau der ersten Frauenberatungsstelle in Hamburg, kollektive Leitung in einem Frauenteam und Arbeit als Psychotherapeutin<\/p>\n<p>1979 \u20131982 Ausbildung zur Gestaltpsychotherapeutin<\/p>\n<p>1982 \u2013 1997 Fortbildungen in k\u00f6rperorientierter Psychotherapie<\/p>\n<p>1982 Erste Roman-Ver\u00f6ffentlichung \u201eWenn die Schluchten weichen\u201c bei buntbuch \/ Hamburg. Wieder aufgelegt im Rowohlt-Taschenbuch-Verlag 1985.<\/p>\n<p>1984 Erz\u00e4hlungen und Gedichte \u201eZeit f\u00fcr Umarmungen\u201c bei buntbuch.<\/p>\n<p><a href=\"http:\/\/astridschmeda.de\/wp-content\/uploads\/2013\/10\/Spanien1986.jpg\"><img decoding=\"async\" loading=\"lazy\" class=\"alignnone size-thumbnail wp-image-114\" src=\"http:\/\/astridschmeda.de\/wp-content\/uploads\/2013\/10\/Spanien1986-150x150.jpg\" alt=\"Spanien1986\" width=\"150\" height=\"150\" srcset=\"https:\/\/astridschmeda.de\/wp-content\/uploads\/2013\/10\/Spanien1986-150x150.jpg 150w, https:\/\/astridschmeda.de\/wp-content\/uploads\/2013\/10\/Spanien1986.jpg 266w\" sizes=\"(max-width: 150px) 100vw, 150px\" \/><\/a><\/p>\n<p>1986 Reise zu Clara Thalmann nach Nizza f\u00fcr ein zweiw\u00f6chiges Gespr\u00e4chs-Interview.<br \/>\nHamburg, Geburt des Sohnes.<\/p>\n<p><a href=\"http:\/\/astridschmeda.de\/wp-content\/uploads\/2013\/10\/Perpignan1986.jpg\"><img decoding=\"async\" loading=\"lazy\" class=\"alignnone size-thumbnail wp-image-107\" src=\"http:\/\/astridschmeda.de\/wp-content\/uploads\/2013\/10\/Perpignan1986-150x150.jpg\" alt=\"Perpignan1986\" width=\"150\" height=\"150\" srcset=\"https:\/\/astridschmeda.de\/wp-content\/uploads\/2013\/10\/Perpignan1986-150x150.jpg 150w, https:\/\/astridschmeda.de\/wp-content\/uploads\/2013\/10\/Perpignan1986.jpg 266w\" sizes=\"(max-width: 150px) 100vw, 150px\" \/><\/a><\/p>\n<p>1988\/89 Ein Jahr Aufenthalt in der Schweiz und in Katalonien\/ Spanien: Recherchen \u00fcber Clara Thalmann und den Spanischen B\u00fcrgerkrieg, Schreiben am Roman \u201eEin leidenschaftliches Interesse&#8230;\u201c<\/p>\n<p><a href=\"http:\/\/astridschmeda.de\/wp-content\/uploads\/2013\/10\/mit-Clara-Thalmann-Nizza1986.jpg\"><img decoding=\"async\" loading=\"lazy\" class=\"alignnone size-thumbnail wp-image-104\" src=\"http:\/\/astridschmeda.de\/wp-content\/uploads\/2013\/10\/mit-Clara-Thalmann-Nizza1986-150x150.jpg\" alt=\"mit-Clara-Thalmann-Nizza1986\" width=\"150\" height=\"150\" srcset=\"https:\/\/astridschmeda.de\/wp-content\/uploads\/2013\/10\/mit-Clara-Thalmann-Nizza1986-150x150.jpg 150w, https:\/\/astridschmeda.de\/wp-content\/uploads\/2013\/10\/mit-Clara-Thalmann-Nizza1986.jpg 266w\" sizes=\"(max-width: 150px) 100vw, 150px\" \/><\/a><\/p>\n<p>1989 \u20131997 Arbeit in eigener Praxis f\u00fcr Psychotherapie in Stade<\/p>\n<p>1984 \u2013 1997 Teilnahme an und Leitung von Literatur- und Kunst-Seminaren im Autonomen Bildungszentrum in H\u00fcll bei Stade. Schwerpunkte Franz Kafka (Reise nach Prag 1990), Ingeborg Bachmann, Virginia Woolf (Reise nach London 1996).<\/p>\n<p>1986 \u2013 2005 Leitung von psychotherapeutischen Jahresgruppen, P\u00e4dagogischen Fortbildungen, therapeutische Arbeit mit Paaren und Durchf\u00fchrung von psychotherapeutischen Workshops in Spanien und Frankreich zusammen mit Gerd Stange.<\/p>\n<p>1994 Ver\u00f6ffentlichung des Romans \u201eEin leidenschaftliches Interesse am wirklichen Leben\u201c (Roman \u00fcber Clara Thalmann) in der Edition Nautilus\/ Hamburg.<\/p>\n<p>1997 \u00dcbersiedlung nach S\u00fcdfrankreich, N\u00e4he Uz\u00e8s. Kauf und Ausbau einer Bastide mit einer K\u00e4ufergemeinschaft. Aufbau des Kultur- Seminar- und Ferienzentrums ( 40 Betten) \u201eCulture &amp; Contact\u201c mit Gerd Stange und unserem Sohn.<br \/>\nSchriftstellerische Arbeit, Seminart\u00e4tigkeit, Organisation von Ausstellungen, Lesungen und Konzerten, Leitung und Verwaltung des Hauses, zeitweise Arbeit als K\u00f6chin.<\/p>\n<p><a href=\"http:\/\/astridschmeda.de\/wp-content\/uploads\/2013\/10\/Bastide1998.jpg\"><img decoding=\"async\" loading=\"lazy\" class=\"alignnone size-thumbnail wp-image-96\" src=\"http:\/\/astridschmeda.de\/wp-content\/uploads\/2013\/10\/Bastide1998-150x150.jpg\" alt=\"Bastide1998\" width=\"150\" height=\"150\" srcset=\"https:\/\/astridschmeda.de\/wp-content\/uploads\/2013\/10\/Bastide1998-150x150.jpg 150w, https:\/\/astridschmeda.de\/wp-content\/uploads\/2013\/10\/Bastide1998.jpg 266w\" sizes=\"(max-width: 150px) 100vw, 150px\" \/><\/a>\u00a0\u00a0\u00a0\u00a0\u00a0\u00a0\u00a0\u00a0\u00a0 <a href=\"http:\/\/astridschmeda.de\/wp-content\/uploads\/2013\/10\/Vernissage-mit-Serge-Castillo-2001.jpg\"><img decoding=\"async\" loading=\"lazy\" class=\"alignnone size-thumbnail wp-image-115\" src=\"http:\/\/astridschmeda.de\/wp-content\/uploads\/2013\/10\/Vernissage-mit-Serge-Castillo-2001-150x150.jpg\" alt=\"Vernissage-mit-Serge-Castillo-2001\" width=\"150\" height=\"150\" srcset=\"https:\/\/astridschmeda.de\/wp-content\/uploads\/2013\/10\/Vernissage-mit-Serge-Castillo-2001-150x150.jpg 150w, https:\/\/astridschmeda.de\/wp-content\/uploads\/2013\/10\/Vernissage-mit-Serge-Castillo-2001.jpg 266w\" sizes=\"(max-width: 150px) 100vw, 150px\" \/><\/a><\/p>\n<p>2002 Ver\u00f6ffentlichung des Romans \u201eQuasi una Fantasia \u2013 Eine Reise mit Fanny Mendelssohn\u201c in der Edition Nautilus. (Lizenzausgabe 2008 bei Weltbild); Lesereise Deutschland.<\/p>\n<p>2006 Verkauf und Umzug in den Vaucluse, N\u00e4he Apt.<\/p>\n<p>2007 Restaurierung einer ehemaligen Weindom\u00e4ne zu einem G\u00e4stehaus (12 Betten). Seitdem Durchf\u00fchrung von Ferienkursen, Ausfl\u00fcgen und Wanderungen zu kulturellen und historischen Themen der Region. Leitung des G\u00e4stehauses mit Gerd Stange.<\/p>\n<p><a href=\"http:\/\/astridschmeda.de\/wp-content\/uploads\/2013\/10\/La-Source-Restaurierung2008.jpg\"><img decoding=\"async\" loading=\"lazy\" class=\"alignnone size-thumbnail wp-image-99\" src=\"http:\/\/astridschmeda.de\/wp-content\/uploads\/2013\/10\/La-Source-Restaurierung2008-150x150.jpg\" alt=\"La-Source-Restaurierung2008\" width=\"150\" height=\"150\" srcset=\"https:\/\/astridschmeda.de\/wp-content\/uploads\/2013\/10\/La-Source-Restaurierung2008-150x150.jpg 150w, https:\/\/astridschmeda.de\/wp-content\/uploads\/2013\/10\/La-Source-Restaurierung2008.jpg 266w\" sizes=\"(max-width: 150px) 100vw, 150px\" \/><\/a>\u00a0\u00a0\u00a0\u00a0\u00a0\u00a0\u00a0\u00a0\u00a0 <a href=\"http:\/\/astridschmeda.de\/wp-content\/uploads\/2013\/10\/Contadour2008.jpg\"><img decoding=\"async\" loading=\"lazy\" class=\"alignnone size-thumbnail wp-image-97\" src=\"http:\/\/astridschmeda.de\/wp-content\/uploads\/2013\/10\/Contadour2008-150x150.jpg\" alt=\"Contadour2008\" width=\"150\" height=\"150\" srcset=\"https:\/\/astridschmeda.de\/wp-content\/uploads\/2013\/10\/Contadour2008-150x150.jpg 150w, https:\/\/astridschmeda.de\/wp-content\/uploads\/2013\/10\/Contadour2008.jpg 266w\" sizes=\"(max-width: 150px) 100vw, 150px\" \/><\/a><\/p>\n<p>2006 \u2013 2011 Mitarbeit am \u201eLehrerinnen und Lehrerkalender\u201c im Anabas\u2013Verlag.<\/p>\n<p>2007 Ver\u00f6ffentlichung des kulinarischen Reisebuches \u201eQuitten, Kr\u00e4uter und Saharawind \u2013 Kulinarische Streifz\u00fcge in der Provence und am Mittelmeer\u201c im Anabas\u2013Verlag; Lesungen in Frankreich und Deutschland.<\/p>\n<p>2011 Gr\u00fcndung der Edition Contra-Bass in Hamburg (Gesch\u00e4ftssitz S\u00fcdfrankreich).<\/p>\n<p>Seit 2012 Lektorat in der Edition Contra-Bass. Herausgabe des Reisef\u00fchrers \u201eAuf den Wegen der Freiheit \u2013 Wanderungen und Ausfl\u00fcge auf den Spuren von Widerstand und Exil in der Provence\u201c<br \/>\nVer\u00f6ffentlichung des Romans \u201eWie werden wild sein\u201c, Edition Contra-Bass<\/p>\n<p><a href=\"http:\/\/astridschmeda.de\/wp-content\/uploads\/2013\/10\/mit-Gerd-Stange-Vaison-la-Romaine2012.jpg\"><img decoding=\"async\" loading=\"lazy\" class=\"alignnone size-thumbnail wp-image-105\" src=\"http:\/\/astridschmeda.de\/wp-content\/uploads\/2013\/10\/mit-Gerd-Stange-Vaison-la-Romaine2012-150x150.jpg\" alt=\"mit-Gerd-Stange-Vaison-la-Romaine2012\" width=\"150\" height=\"150\" srcset=\"https:\/\/astridschmeda.de\/wp-content\/uploads\/2013\/10\/mit-Gerd-Stange-Vaison-la-Romaine2012-150x150.jpg 150w, https:\/\/astridschmeda.de\/wp-content\/uploads\/2013\/10\/mit-Gerd-Stange-Vaison-la-Romaine2012.jpg 266w\" sizes=\"(max-width: 150px) 100vw, 150px\" \/><\/a><\/p>\n<p>Seit 2011 j\u00e4hrliche Lese- und Veranstaltungsreisen nach Deutschland, Teilnahme an der Buchmesse in Leipzig.<\/p>\n<p>2013 Ver\u00f6ffentlichung des Erz\u00e4hlbandes \u201ebarfu\u00df \u2013 Erz\u00e4hlungen aus dem Midi\u201c, Edition Contra-Bass<br \/>\nHerausgabe des Reisef\u00fchrers \u201eB\u00fccher im Gep\u00e4ck \u2013 Schriftsteller der Provence und ihre St\u00e4dte\u201c<br \/>\nVer\u00f6ffentlichung des Essay-Bandes \u201eGeborgenheit und Freiheit \u2013 Von der Symbiose zur erwachsenen Liebesbeziehung\u201c, Edition Contra-Bass<\/p>\n<p><a href=\"http:\/\/astridschmeda.de\/wp-content\/uploads\/2013\/10\/Romanprojekt-Cassis2013.jpg\"><img decoding=\"async\" loading=\"lazy\" class=\"alignnone size-thumbnail wp-image-108\" src=\"http:\/\/astridschmeda.de\/wp-content\/uploads\/2013\/10\/Romanprojekt-Cassis2013-150x150.jpg\" alt=\"Romanprojekt-Cassis2013\" width=\"150\" height=\"150\" srcset=\"https:\/\/astridschmeda.de\/wp-content\/uploads\/2013\/10\/Romanprojekt-Cassis2013-150x150.jpg 150w, https:\/\/astridschmeda.de\/wp-content\/uploads\/2013\/10\/Romanprojekt-Cassis2013.jpg 266w\" sizes=\"(max-width: 150px) 100vw, 150px\" \/><\/a><\/p>\n<p>2015 Ver\u00f6ffentlichung des Romans \u201eVenus und Adonis\u201c \u00fcber die Malerin Vanessa Bell, Schwester von Virginia Woolf, Edition Contra-Bass<\/p>\n<p>Herausgabe des Reisef\u00fchrers \u201eMediterrane Zutaten und ihre Landschaften in der Provence und im Roussillon\u201c, Edition Contr-Bass<\/p>\n<p>Mit-Autorin des Essaybandes \u201eFreiheit Gleichheit Br\u00fcderlichkeit \u00ac\u2013 Tr\u00e4umereinen am franz\u00f6sischen Kamin, Edition Contra-Bass<\/p>\n<p>2016 Ver\u00f6ffentlichung der Erz\u00e4hlungen \u201e Anders-Wo\u201c, Edition Contra-Bass<\/p>\n<p>2016 Ver\u00f6ffentlichung des Essays \u201eDie Hoffnung bleibt \u2013 Spanische Revolution, Flucht und Exil in Frankreich 1936-1939\u201c, Edition Contra-Bass<\/p>\n<p><img decoding=\"async\" loading=\"lazy\" class=\"alignnone size-medium wp-image-199\" src=\"http:\/\/astridschmeda.de\/wp-content\/uploads\/2020\/03\/Astrid-Schmeda-293x300.jpg\" alt=\"\" width=\"293\" height=\"300\" srcset=\"https:\/\/astridschmeda.de\/wp-content\/uploads\/2020\/03\/Astrid-Schmeda-293x300.jpg 293w, https:\/\/astridschmeda.de\/wp-content\/uploads\/2020\/03\/Astrid-Schmeda-768x787.jpg 768w, https:\/\/astridschmeda.de\/wp-content\/uploads\/2020\/03\/Astrid-Schmeda-624x639.jpg 624w, https:\/\/astridschmeda.de\/wp-content\/uploads\/2020\/03\/Astrid-Schmeda.jpg 972w\" sizes=\"(max-width: 293px) 100vw, 293px\" \/><\/p>\n<p>Umzug in die Pyr\u00e9n\u00e9es Orientales, N\u00e4he C\u00e9ret<\/p>\n<p>Seit 2018 Durchf\u00fchrung von Bildungs-Urlaubs-Seminaren zum Thema \u201eLa Retirada \u2013 Flucht und Exil 1939 \/1940\u201c bei Arbeit und Leben Herford.<\/p>\n<p>2018 \u00dcbersetzung des Koch- Reisebuchs aus dem Franz\u00f6sischen von Pierre Jamard, \u201eVerr\u00fcckt nach Oliven\u00f6l\u201c<\/p>\n<p>2019 Ver\u00f6ffentlichung des Romans \u201eIm Schatten der Zypressen\u201c, Edition Contra-Bass<\/p>\n<p>2020 Ver\u00f6ffentlichung des Romans \u201eHinter den Kulissen\u201c, Edition Contra-Bass<\/p>\n<p style=\"font-weight: 400;\">Ver\u00f6ffentlichung 2020 Meer mein Meer, Roman, edition contra-bass<\/p>\n<p style=\"font-weight: 400;\">Ver\u00f6ffentlichung 2023 In den Bergen von Maillol, Erz\u00e4hlungen, edition contra-bass<\/p>\n<p style=\"font-weight: 400;\">Ver\u00f6ffentlichung 2024 Penelopes Widerstand, Roman, edition contra-bass<\/p>\n","protected":false},"excerpt":{"rendered":"<p>Astrid Schmeda 1950 geboren in Aurich\/ Ostfriesland 1969 -1974 P\u00e4dagogik-Studium, Schwerpunkt Sozialp\u00e4dagogik und Soziologie, Abschluss Diplom 1975 \u2013 1980 Psychologie-Studium, Schwerpunkt klinische Psychologie, Abschluss Diplom Lehrauftr\u00e4ge an der Universit\u00e4t; Jugendarbeit; Dozentin in der Jugend- und Erwachsenenbildung 1977 \u20131990 Aufbau der ersten Frauenberatungsstelle in Hamburg, kollektive Leitung in einem Frauenteam und Arbeit als Psychotherapeutin 1979 \u20131982 [&hellip;]<\/p>\n","protected":false},"author":1,"featured_media":0,"parent":0,"menu_order":0,"comment_status":"closed","ping_status":"open","template":"","meta":[],"_links":{"self":[{"href":"https:\/\/astridschmeda.de\/index.php?rest_route=\/wp\/v2\/pages\/12"}],"collection":[{"href":"https:\/\/astridschmeda.de\/index.php?rest_route=\/wp\/v2\/pages"}],"about":[{"href":"https:\/\/astridschmeda.de\/index.php?rest_route=\/wp\/v2\/types\/page"}],"author":[{"embeddable":true,"href":"https:\/\/astridschmeda.de\/index.php?rest_route=\/wp\/v2\/users\/1"}],"replies":[{"embeddable":true,"href":"https:\/\/astridschmeda.de\/index.php?rest_route=%2Fwp%2Fv2%2Fcomments&post=12"}],"version-history":[{"count":20,"href":"https:\/\/astridschmeda.de\/index.php?rest_route=\/wp\/v2\/pages\/12\/revisions"}],"predecessor-version":[{"id":218,"href":"https:\/\/astridschmeda.de\/index.php?rest_route=\/wp\/v2\/pages\/12\/revisions\/218"}],"wp:attachment":[{"href":"https:\/\/astridschmeda.de\/index.php?rest_route=%2Fwp%2Fv2%2Fmedia&parent=12"}],"curies":[{"name":"wp","href":"https:\/\/api.w.org\/{rel}","templated":true}]}}