{"id":2,"date":"2013-10-23T09:04:58","date_gmt":"2013-10-23T07:04:58","guid":{"rendered":"http:\/\/astridschmeda.de\/?page_id=2"},"modified":"2013-10-31T14:19:35","modified_gmt":"2013-10-31T12:19:35","slug":"beispiel-seite","status":"publish","type":"page","link":"https:\/\/astridschmeda.de\/","title":{"rendered":"Home"},"content":{"rendered":"<p>Willkommen \u2013 Bienvenue<\/p>\n<p><a href=\"http:\/\/astridschmeda.de\/wp-content\/uploads\/2013\/10\/Astrid-Schmeda-1.jpg\"><img decoding=\"async\" loading=\"lazy\" class=\"alignnone size-thumbnail wp-image-93\" alt=\"Astrid Schmeda\" src=\"http:\/\/astridschmeda.de\/wp-content\/uploads\/2013\/10\/Astrid-Schmeda-1-150x150.jpg\" width=\"150\" height=\"150\" srcset=\"https:\/\/astridschmeda.de\/wp-content\/uploads\/2013\/10\/Astrid-Schmeda-1-150x150.jpg 150w, https:\/\/astridschmeda.de\/wp-content\/uploads\/2013\/10\/Astrid-Schmeda-1.jpg 266w\" sizes=\"(max-width: 150px) 100vw, 150px\" \/><\/a><\/p>\n<p><strong>Astrid Schmeda<\/strong>, geb. 1950 in Aurich\/Ostfriesland, ist diplomierte P\u00e4dagogin und Psychologin, Gestaltpsychotherapeutin und Schriftstellerin. Sie gr\u00fcndete 1978 mit einer Gruppe Frauen aus verschiedenen Fachbereichen die erste Frauenberatungsstelle Hamburgs, die kollektiv gef\u00fchrt wurde, und war in der Frauenbewegung aktiv. 1988 verbrachte sie mit Gerd Stange und ihrem gemeinsamen kleinen Sohn ein Jahr in der Schweiz und in Spanien, wo sie in der N\u00e4he von Gerona lebten. Sie recherchierte dort auf den Spuren Clara Thalmanns f\u00fcr ihren Roman \u201eEin leidenschaftliches Interesse am wirklichen Leben\u201c. Anschlie\u00dfend arbeitete sie als selbst\u00e4ndige Psychotherapeutin, sowie in der Erwachsenenbildung.<br \/>\nSie schreibt und ver\u00f6ffentlicht seit 1982 Romane, Erz\u00e4hlungen und Gedichte. Seit 1997 lebt sie in S\u00fcdfrankreich und in Osten an der Oste.<\/p>\n","protected":false},"excerpt":{"rendered":"<p>Willkommen \u2013 Bienvenue Astrid Schmeda, geb. 1950 in Aurich\/Ostfriesland, ist diplomierte P\u00e4dagogin und Psychologin, Gestaltpsychotherapeutin und Schriftstellerin. Sie gr\u00fcndete 1978 mit einer Gruppe Frauen aus verschiedenen Fachbereichen die erste Frauenberatungsstelle Hamburgs, die kollektiv gef\u00fchrt wurde, und war in der Frauenbewegung aktiv. 1988 verbrachte sie mit Gerd Stange und ihrem gemeinsamen kleinen Sohn ein Jahr in [&hellip;]<\/p>\n","protected":false},"author":1,"featured_media":0,"parent":0,"menu_order":0,"comment_status":"closed","ping_status":"closed","template":"","meta":[],"_links":{"self":[{"href":"https:\/\/astridschmeda.de\/index.php?rest_route=\/wp\/v2\/pages\/2"}],"collection":[{"href":"https:\/\/astridschmeda.de\/index.php?rest_route=\/wp\/v2\/pages"}],"about":[{"href":"https:\/\/astridschmeda.de\/index.php?rest_route=\/wp\/v2\/types\/page"}],"author":[{"embeddable":true,"href":"https:\/\/astridschmeda.de\/index.php?rest_route=\/wp\/v2\/users\/1"}],"replies":[{"embeddable":true,"href":"https:\/\/astridschmeda.de\/index.php?rest_route=%2Fwp%2Fv2%2Fcomments&post=2"}],"version-history":[{"count":7,"href":"https:\/\/astridschmeda.de\/index.php?rest_route=\/wp\/v2\/pages\/2\/revisions"}],"predecessor-version":[{"id":119,"href":"https:\/\/astridschmeda.de\/index.php?rest_route=\/wp\/v2\/pages\/2\/revisions\/119"}],"wp:attachment":[{"href":"https:\/\/astridschmeda.de\/index.php?rest_route=%2Fwp%2Fv2%2Fmedia&parent=2"}],"curies":[{"name":"wp","href":"https:\/\/api.w.org\/{rel}","templated":true}]}}