{"id":31,"date":"2013-10-23T12:14:33","date_gmt":"2013-10-23T10:14:33","guid":{"rendered":"http:\/\/astridschmeda.de\/?page_id=31"},"modified":"2013-12-19T19:17:33","modified_gmt":"2013-12-19T17:17:33","slug":"zeit-fuer-umarmungen","status":"publish","type":"page","link":"https:\/\/astridschmeda.de\/?page_id=31","title":{"rendered":"Zeit f\u00fcr Umarmungen"},"content":{"rendered":"<p><a href=\"http:\/\/astridschmeda.de\/wp-content\/uploads\/2013\/10\/Titel_Zeit.jpg\"><img decoding=\"async\" loading=\"lazy\" class=\"alignnone size-full wp-image-130\" alt=\"Titel_Zeit\" src=\"http:\/\/astridschmeda.de\/wp-content\/uploads\/2013\/10\/Titel_Zeit.jpg\" width=\"144\" height=\"223\" \/><\/a><\/p>\n<p>&nbsp;<br \/>\nEbba steht im Mittelpunkt der Erz\u00e4hlungen und Gedichte. Sie lebt nicht in herk\u00f6mmlichen Bahnen, ist aber auch keine starke, gestandene Frau. Ebba begegnet ihren \u00c4ngsten, Verunsicherungen und ihrer Lebenslust. Sie wird in ihren Widerspr\u00fcchlichkeiten dargestellt, ihrer Sehnsucht nach Liebe und Leidenschaft zu M\u00e4nnern und Frauen, ihrer Zerrissenheit zwischen Abh\u00e4ngigkeit und Unabh\u00e4ngigkeit. Sie ist konfrontiert mit den Lebenszusammenh\u00e4ngen anderer Frauen und mit der K\u00e4lte und den Bedrohungen unserer Zeit.<\/p>\n<p>Erz\u00e4hlungen und Gedichte<br \/>\nBuntbuch-Verlag 1984<br \/>\nAusschlie\u00dflich \u00fcber die Autorin zu beziehen<\/p>\n<p><strong>Leseprobe<\/strong><\/p>\n<p><strong>Begegnung<\/strong><\/p>\n<p>Zwischen den anderen<br \/>\nGesichtern<br \/>\ntrafen mich<br \/>\ndeine Augen<br \/>\nhielten mich<br \/>\neinen Augenblick fest<br \/>\nber\u00fchrten mich<br \/>\nwarm<br \/>\nliefen mir<br \/>\nden R\u00fccken herunter<br \/>\ntauchten ein<br \/>\nin mein Gr\u00fcnblau<br \/>\numarmten mich<br \/>\nkurz<br \/>\nund gaben mich<br \/>\nblinzelnd<br \/>\nwieder frei<\/p>\n","protected":false},"excerpt":{"rendered":"<p>&nbsp; Ebba steht im Mittelpunkt der Erz\u00e4hlungen und Gedichte. Sie lebt nicht in herk\u00f6mmlichen Bahnen, ist aber auch keine starke, gestandene Frau. Ebba begegnet ihren \u00c4ngsten, Verunsicherungen und ihrer Lebenslust. Sie wird in ihren Widerspr\u00fcchlichkeiten dargestellt, ihrer Sehnsucht nach Liebe und Leidenschaft zu M\u00e4nnern und Frauen, ihrer Zerrissenheit zwischen Abh\u00e4ngigkeit und Unabh\u00e4ngigkeit. Sie ist konfrontiert [&hellip;]<\/p>\n","protected":false},"author":1,"featured_media":0,"parent":23,"menu_order":2,"comment_status":"closed","ping_status":"closed","template":"","meta":[],"_links":{"self":[{"href":"https:\/\/astridschmeda.de\/index.php?rest_route=\/wp\/v2\/pages\/31"}],"collection":[{"href":"https:\/\/astridschmeda.de\/index.php?rest_route=\/wp\/v2\/pages"}],"about":[{"href":"https:\/\/astridschmeda.de\/index.php?rest_route=\/wp\/v2\/types\/page"}],"author":[{"embeddable":true,"href":"https:\/\/astridschmeda.de\/index.php?rest_route=\/wp\/v2\/users\/1"}],"replies":[{"embeddable":true,"href":"https:\/\/astridschmeda.de\/index.php?rest_route=%2Fwp%2Fv2%2Fcomments&post=31"}],"version-history":[{"count":4,"href":"https:\/\/astridschmeda.de\/index.php?rest_route=\/wp\/v2\/pages\/31\/revisions"}],"predecessor-version":[{"id":149,"href":"https:\/\/astridschmeda.de\/index.php?rest_route=\/wp\/v2\/pages\/31\/revisions\/149"}],"up":[{"embeddable":true,"href":"https:\/\/astridschmeda.de\/index.php?rest_route=\/wp\/v2\/pages\/23"}],"wp:attachment":[{"href":"https:\/\/astridschmeda.de\/index.php?rest_route=%2Fwp%2Fv2%2Fmedia&parent=31"}],"curies":[{"name":"wp","href":"https:\/\/api.w.org\/{rel}","templated":true}]}}